 highest common factor of 28 and 13398.
14
Calculate the highest common factor of 12 and 33316.
4
Calculate the greatest common divisor of 454 and 92843.
227
Calculate the highest common factor of 672 and 1394022.
42
Calculate the highest common factor of 144160 and 20128.
544
Calculate the highest common divisor of 40029 and 770.
11
Calculate the highest common factor of 96 and 3873.
3
What is the greatest common divisor of 128470 and 435?
145
What is the greatest common factor of 77 and 142233?
7
What is the highest common divisor of 112263 and 1357?
23
What is the highest common divisor of 61 and 4087?
61
Calculate the highest common divisor of 265650 and 1012.
506
Calculate the greatest common factor of 269 and 9.
1
Calculate the greatest common divisor of 892 and 872599.
223
What is the greatest common factor of 708 and 5316?
12
Calculate the greatest common factor of 375 and 236625.
375
What is the greatest common factor of 14 and 3612?
14
What is the greatest common factor of 62988 and 5973?
543
Calculate the greatest common factor of 28791 and 231.
21
Calculate the highest common factor of 14968 and 232.
8
What is the greatest common factor of 15617 and 1771?
161
Calculate the highest common divisor of 151000 and 80.
40
Calculate the greatest common factor of 775 and 1325.
25
Calculate the greatest common factor of 983332 and 406.
406
What is the greatest common divisor of 340 and 6280?
20
What is the highest common factor of 54743 and 52?
13
What is the greatest common divisor of 7168 and 50624?
448
Calculate the highest common factor of 73021 and 287.
41
Calculate the greatest common factor of 6536 and 22534.
38
Calculate the greatest common factor of 3390 and 313914.
678
What is the greatest common divisor of 4646 and 1919?
101
What is the greatest common factor of 325 and 4147?
13
Calculate the greatest common factor of 82950 and 35.
35
What is the greatest common divisor of 336 and 606?
6
Calculate the greatest common factor of 144 and 4374.
18
What is the highest common divisor of 12792 and 9?
3
Calculate the highest common factor of 16 and 271600.
16
Calculate the greatest common factor of 217 and 3731.
7
What is the greatest common factor of 5773 and 322?
23
Calculate the greatest common factor of 210959 and 182.
7
Calculate the highest common factor of 17 and 5310.
1
Calculate the highest common factor of 10402 and 14.
14
Calculate the highest common factor of 230 and 3329434.
46
Calculate the greatest common factor of 68922 and 126.
126
Calculate the highest common factor of 176 and 112134.
22
Calculate the greatest common factor of 11328 and 44958.
354
What is the highest common factor of 109719 and 438?
219
Calculate the highest common divisor of 79 and 4919567.
79
What is the highest common divisor of 2544748 and 632?
316
Calculate the greatest common factor of 7509 and 3.
3
What is the highest common divisor of 1646 and 11?
1
What is the greatest common factor of 95 and 1134775?
95
Calculate the greatest common factor of 84 and 660.
12
Calculate the greatest common factor of 152 and 145198.
38
Calculate the highest common divisor of 55856 and 16.
16
Calculate the greatest common divisor of 1746 and 20176.
194
Calculate the highest common factor of 46513 and 3856.
241
What is the greatest common divisor of 40834 and 459?
17
Calculate the highest common factor of 2984 and 36.
4
Calculate the greatest common divisor of 88 and 32336.
8
Calculate the highest common factor of 44324 and 322.
14
Calculate the highest common divisor of 8 and 246656.
8
Calculate the greatest common factor of 410 and 132635.
205
Calculate the highest common factor of 15545 and 10.
5
What is the greatest common factor of 242614 and 203?
29
Calculate the highest common divisor of 132251 and 392.
49
Calculate the highest common divisor of 2514 and 6.
6
Calculate the greatest common divisor of 4815 and 82497.
321
What is the greatest common factor of 580 and 206915?
145
What is the greatest common factor of 1325 and 2491?
53
What is the greatest common factor of 917 and 1408512?
917
What is the highest common divisor of 251403 and 3525?
141
What is the greatest common divisor of 1705286 and 22?
22
What is the highest common divisor of 4396 and 43018?
314
What is the highest common divisor of 915516 and 252?
252
What is the highest common factor of 2805 and 264?
33
What is the greatest common divisor of 11949 and 609?
21
Calculate the greatest common factor of 236347 and 635.
127
Calculate the greatest common factor of 1291750 and 70.
10
What is the highest common factor of 24353 and 355?
71
What is the highest common divisor of 364 and 12?
4
What is the highest common divisor of 25354 and 602?
14
What is the greatest common factor of 960 and 1704?
24
What is the greatest common divisor of 928 and 39488?
32
What is the highest common divisor of 1292 and 12614?
34
Calculate the highest common factor of 28 and 122948.
28
Calculate the highest common divisor of 98283 and 9231.
543
What is the greatest common factor of 456 and 10381524?
228
What is the greatest common factor of 246 and 47109?
123
What is the highest common factor of 5009 and 11?
1
Calculate the greatest common factor of 13889 and 3553.
323
What is the highest common factor of 3633 and 1069313?
1211
What is the highest common factor of 2697 and 1653?
87
Calculate the greatest common factor of 1899 and 3635319.
633
What is the greatest common factor of 156478 and 14?
14
What is the highest common divisor of 78 and 13130?
26
What is the highest common factor of 626 and 274501?
313
What is the highest common divisor of 46050 and 2400?
150
What is the greatest common divisor of 132 and 2975148?
132
Calculate the highest common divisor of 475307 and 7.
7
What is the highest common factor of 1134 and 33054?
42
What is the highest common divisor of 130656 and 144?
48
What is the highest common divisor of 2745 and 201605?
305
What is the highest common divisor of 1620 and 223940?
20
What is the greatest common factor of 3546 and 191090?
394
What is the highest common divisor of 89223 and 3?
3
What is the greatest common factor of 9750 and 8580?
390
Calculate the greatest common divisor of 20 and 32875.
5
Calculate the highest common factor of 501713 and 103.
103
What is the greatest common factor of 9581 and 379756?
871
Calculate the highest common divisor of 33 and 306097.
11
What is the greatest common factor of 247780 and 260?
260
Calculate the greatest common factor of 5580510 and 195.
195
Calculate the greatest common divisor of 39 and 224029.
13
Calculate the highest common divisor of 1148 and 2899274.
574
What is the greatest common divisor of 376 and 793360?
376
What is the highest common divisor of 350 and 147630?
70
What is the highest common divisor of 298062 and 8352?
522
Calculate the highest common factor of 254 and 318389.
127
Calculate the highest common divisor of 1355 and 985.
5
What is the greatest common divisor of 72013 and 3875?
31
Calculate the highest common factor of 171 and 5937291.
171
Calculate the greatest common divisor of 14707 and 231301.
1337
What is the greatest common factor of 288212 and 20?
4
Calculate the greatest common divisor of 710 and 643402.
142
What is the greatest common divisor of 56 and 4948?
4
Calculate the highest common factor of 240 and 5770.
10
What is the greatest common factor of 128128 and 462?
154
Calculate the greatest common factor of 302534 and 7312.
914
Calculate the greatest common divisor of 1145993 and 4988.
1247
What is the highest common divisor of 181117 and 1529?
139
Calculate the highest common divisor of 75 and 26220.
15
What is the highest common divisor of 214695 and 351?
117
What is the highest common factor of 43818 and 192?
6
Calculate the highest common divisor of 14 and 475601.
7
Calculate the highest common factor of 59375 and 57.
19
What is the greatest common factor of 51680 and 320?
160
Calculate the greatest common factor of 1564 and 2414.
34
Calculate the highest common factor of 26440 and 1660.
20
Calculate the greatest common divisor of 2924 and 10744.
68
Calculate the highest common divisor of 657006 and 126.
42
What is the highest common divisor of 2 and 3927?
1
Calculate the highest common factor of 8436839 a